 units digit of w?
6
Let w be 4/14 + (-114)/(-42). Suppose 3*p = -2*h - 2149, 5*h = w*p - p - 5382. What is the units digit of h/(-30) + 12/90?
6
Let g be (1 + 1)/(2/4). Suppose c + 3 - 20 = -4*t, 2*t - 21 = -3*c. Suppose -30 = -g*n + h, n = -c*h - 2 - 1. What is the units digit of n?
7
Let d = 8959 + -5779. What is the thousands digit of d?
3
Let u(r) = 2*r**2 + 6*r. Let d be u(-4). Let y be 4/1*10/d. Suppose -5*j = 0, 4*i + y*j = 172 - 12. What is the tens digit of i?
4
Suppose 17170 = 18*b + 412. What is the units digit of b?
1
Suppose 2*r + 0*r - 2*l = -56, 0 = -r - 3*l - 12. What is the units digit of ((-1086)/r - 7) + 3/4?
9
What is the units digit of 312/117*(-243)/(-4)?
2
Let d = 88 - 65. Suppose 19*h - d*h + 816 = 0. What is the hundreds digit of h?
2
Let x(a) = -a**2 + 10*a + 3. Let h be x(10). Suppose h*v - 48 = -v. Suppose 6*l - l = 3*d + 15, -4*l = -2*d - v. What is the units digit of l?
3
What is the units digit of 24/(-10)*((-1210)/15 + 4)?
4
What is the tens digit of (2328/20)/((-57)/10 - -6)?
8
Suppose j - 5*m = -23, 0 = 5*j - m + 4*m + 3. What is the hundreds digit of ((-6)/4)/((-307)/102 - j)?
1
Let j(m) = 18*m**2 + 3*m + 10. What is the hundreds digit of j(-3)?
1
What is the hundreds digit of 2765/5 + 3 - (-3)/(-1)?
5
Suppose -3*h + 0 = 6, -2*h = -4*f - 2148. What is the hundreds digit of (f/(-4))/(4 + 21/(-6))?
2
Let g(h) = 9*h - 10. Let t = 11 + -6. What is the units digit of g(t)?
5
Let g(s) be the third derivative of -s**6/12 - s**5/30 - s**4/24 + 8*s**2. What is the units digit of g(-2)?
4
Let x = 110 + -110. Let n(r) = 9*r. Let j be n(2). Suppose -5*f + j - 3 = x. What is the units digit of f?
3
Let d(w) = -3*w - 18. Let c be d(0). Let x be (c/12)/((-6)/20). Suppose 4*s = x*q + 121, -5*s = 5*q - 116 + 21. What is the tens digit of s?
2
Suppose -11*q - 1 = -1. Suppose -5*g + 3*g - d + 199 = q, g = -4*d + 82. What is the hundreds digit of g?
1
Let b(n) = -n**2 - 2*n**2 + n**3 - 5*n**2 - 15*n + 1. Let q(y) = -2*y**3 - 56*y**2 - 54*y + 10. Let c be q(-27). What is the units digit of b(c)?
1
Let p be ((-3)/3)/((-2)/560). Suppose -4*g + 3*z - 98 = -5*g, -p = -3*g + 5*z. What is the tens digit of ((-4)/(-10))/(1/g)?
3
Let l be (24/(-9))/(2/(-3)). Let h be (-715)/(-10) - (-2)/l. Suppose -4*c - 3*f + 2*f + h = 0, 3*f + 107 = 5*c. What is the tens digit of c?
1
Suppose 14*u - 9*u = 3035. What is the hundreds digit of u?
6
Let m = 9 - -7. Suppose 0*r + 2*r + 5 = 5*g, m = 2*r + 2*g. Let z(b) = 5*b + 8. What is the tens digit of z(r)?
3
Let u = -1305 - -1964. Suppose 0 = 4*j - m - 873, -3*j + 7*m + u = 2*m. What is the hundreds digit of j?
2
Suppose 4963 = 20*n - 6997. What is the hundreds digit of n?
5
Let p = 923 + 493. What is the tens digit of p?
1
Let i = 147 + -68. Let u = 39 + i. What is the hundreds digit of u?
1
Let u(h) = 6*h**2 + 5*h - 2. Let y be u(-7). Suppose 5*o = 4*k + 227 + 21, 0 = -5*o + k + y. What is the tens digit of o?
5
What is the tens digit of (-360)/16*20/(-2)?
2
Let n be 14 - (-8 + 4 + 0). Suppose 13*k = 16*k - n. What is the tens digit of ((-152)/k)/((-30)/45)?
3
Suppose 9*h = 7320 + 2157. What is the hundreds digit of h?
0
Suppose 5*j - 2666 + 909 = 4*d, 2*j - 5*d = 713. What is the tens digit of j?
4
Let t = -10 - -15. Suppose 4*p = 5*w + 119, t*p - w - 127 = -2*w. What is the units digit of p?
6
Suppose 0*s = -4*s. Suppose -3*d - 67 + 22 = s. Let n = d + 16. What is the units digit of n?
1
Let o = 1043 + -533. What is the units digit of o?
0
Suppose x + 3*d = 3665, -5*x + 4*d - 2814 = -21177. What is the hundreds digit of x?
6
Let l(m) = 23*m**2 + 16*m - 10. What is the hundreds digit of l(-12)?
1
Let o(b) = b**3 + 4*b**2 + 3*b + 3. Let k be o(-3). Suppose 1 = k*v - 8. Let n(j) = 19*j. What is the units digit of n(v)?
7
Let j be (-106)/(-5)*50/20 - 0. Let z = j - 23. What is the tens digit of z?
3
Suppose 261*l - 10960 = 251*l. What is the hundreds digit of l?
0
Let t(b) = b**3 - 9*b**2 - 2*b - 2. Let n be t(10). Let q = -25 + n. What is the tens digit of q?
5
Let l = -9 - -80. Suppose -2 = -k + 2, -b + l = 4*k. What is the tens digit of b?
5
Suppose -2*a = 3*u - 14, -4*u + 3*a = 5*a - 18. Suppose 3*t + 21 = -x + 4*x, u*x - 1 = -5*t. Suppose v - 25 = n, -x*n - 5 = 7. What is the units digit of v?
2
Suppose -3*d - 2*d = -2*x + 126, 3*x - 2*d = 189. What is the units digit of x?
3
Let m be (-4)/(-22) + 42/11. Let c = 46 + -34. Suppose -k + m + c = 0. What is the units digit of k?
6
Let r = 5897 - 3170. What is the tens digit of r?
2
Let r be 5 + -1 + (-4)/(-4). Suppose 13 = r*z - 27. What is the units digit of z?
8
Let w(u) = 7*u + 57. What is the units digit of w(15)?
2
Let h = -129 + 136. Suppose -h*i + 1425 = -2*i. What is the tens digit of i?
8
Let d(q) be the third derivative of -q**6/120 + q**5/60 + q**4/24 - q**3/3 + 6*q**2. What is the units digit of d(-2)?
8
Suppose 3*b - 2*b + 10 = 0. Let f be (-1)/(-1)*(-13 - b). Let a = f - -21. What is the tens digit of a?
1
Let s(u) = u**3 + 20*u**2 + 18*u - 105. What is the units digit of s(-12)?
1
Let x(c) = -14*c - 45. Let i(q) = 13*q + 11. Let p be i(-2). What is the units digit of x(p)?
5
Let x = -94 - -292. What is the tens digit of x?
9
Let b be 3*-1 + (6 - 7). What is the tens digit of b/(-6) + (-1604)/(-6) + 8?
7
Let i = -47 + 975. What is the hundreds digit of i?
9
Let f = -22 + 27. Suppose -2*o - f*i + 99 = -2*i, -258 = -5*o + 3*i. What is the tens digit of o?
5
Let a = 16 + -14. Suppose -2 = b - 4*z, b + a*z = -2*b + 8. Let m(u) = 5*u**2 + 2*u - 3. What is the units digit of m(b)?
1
Suppose 4*h + 20 = 9*h. Suppose 28 = h*l - 20. What is the units digit of l?
2
What is the units digit of 1582/7 - (-2 - -12)/(-2)?
1
Suppose -8897 = 25*d - 112097. What is the tens digit of d?
2
Let n(c) = -172*c + 7. What is the thousands digit of n(-18)?
3
Suppose z = 4*o + 23, 2*z + 5 = -4*o - 9. What is the units digit of (-3 - -1)/(o/10)?
4
Let j(t) = -t**3 - t**2 + 4*t - 1. Let g be j(-3). Suppose -162 = -5*x - 3*f + 165, 4*f = g*x - 334. What is the tens digit of x?
6
Suppose 3*i + m - 223 - 318 = 0, 0 = -3*i - 5*m + 557. Let q = -46 + i. What is the hundreds digit of q?
1
Suppose -3*j + h + 7946 = 0, -2*j - 4*h + 1953 = -3321. What is the units digit of j?
7
Let x(s) = 5*s - s + 5 + s**3 - 5*s + 4*s**2. Let m be ((-36)/(19 - 7))/(-1 - 0). What is the units digit of x(m)?
5
Let u(n) = -26 + 9 - 19 + 19*n + 8*n. What is the tens digit of u(7)?
5
Let z = 740 - 679. What is the units digit of z?
1
Let n(u) = -u**3 - u**2 - u. Let b be n(-3). Let h(k) = -81*k + 77. Let d be h(1). Let s = b - d. What is the tens digit of s?
2
What is the hundreds digit of 998*((-3)/21 - 18/(-28))?
4
Let p(i) = 26*i**2 - 3*i - 8. What is the tens digit of p(-2)?
0
Let i(o) = o**2 - 54*o - 92. What is the tens digit of i(-9)?
7
Let u = 3266 + -936. What is the units digit of u?
0
What is the tens digit of (-40)/70 + (-37220)/(-14)?
5
Let m(j) = 2*j**2 + 0*j - j + 5 + 4*j. Let x be m(-2). Suppose -4*r = -x*r + 21. What is the units digit of r?
7
Suppose -4*n = -2*q + 56, -2*q + 4*n = -q - 32. Suppose -z = 3*r + q, 2*z + 31 = 3*r - 8. What is the units digit of (7/z)/(2/(-90))?
5
Suppose y + 5*t - 12 = 0, -2*y + 5*t = y + 4. Suppose 6 = -3*q, y*k + 2*q + 7 = 51. What is the tens digit of k?
2
What is the thousands digit of (98 + 403)*17/3?
2
Let n = 1124 + -573. What is the tens digit of n?
5
Suppose 0 = -4*f + 2*i + 24, -2*f = -4*i + 1 - 25. Suppose 0 = -z + f*z - 45. Suppose z = 4*s - 5*w, 0*w - w + 1 = 0. What is the units digit of s?
5
Let x(m) = m**3 + 2*m + 7 + 5*m - 14*m**2 + 7*m**2. Let u be x(7). Suppose -3*b + u = -b. What is the tens digit of b?
2
What is the tens digit of (1644 + 5)/(11 - 10)?
4
Let g(s) = 2*s**3 - 138*s**2 + 26*s + 62. What is the thousands digit of g(69)?
1
Suppose 0 = -5*z + 2*a + 3674, -a - 2050 = -5*z + 1622. What is the tens digit of z?
3
Let o(s) = 18*s**2 - 2*s + 2. Suppose 5 = f + 4. Let n be o(f). What is the units digit of n + (2 + -1 - 4)?
5
What is the hundreds digit of -4 + 0 + -4 - -388?
3
Suppose d + 0*d = -3*w - 15, 0 = d - 2*w - 10. Suppose -g + z + 45 = d, z + 183 = 4*g - 2*z. What is the units digit of g?
8
Let o(p) = -118*p + 97. What is the tens digit of o(-7)?
2
Suppose 5*w + g = 1477, 100 = 2*w + 4*g - 480. Let r = 508 - w. W